 of 368 and 42504.
184
Calculate the highest common factor of 17067 and 3.
3
Calculate the greatest common factor of 1184 and 407.
37
What is the greatest common factor of 63142 and 262?
262
What is the greatest common factor of 141 and 62369?
47
What is the highest common factor of 12 and 211131?
3
What is the highest common factor of 507813 and 767?
59
Calculate the highest common factor of 500095 and 5.
5
What is the highest common divisor of 424 and 106477?
53
Calculate the highest common divisor of 754 and 1155766.
58
What is the greatest common divisor of 672 and 3506496?
672
Calculate the highest common divisor of 280 and 8648.
8
What is the highest common divisor of 2277420 and 40?
20
Calculate the greatest common factor of 465784 and 67.
67
Calculate the greatest common factor of 8 and 1787656.
8
Calculate the greatest common factor of 25289 and 77.
11
What is the highest common factor of 7308 and 25746?
42
What is the highest common factor of 2482 and 3232805?
1241
Calculate the greatest common divisor of 1357 and 65431.
59
Calculate the greatest common divisor of 11656 and 310.
62
What is the highest common divisor of 96 and 38616?
24
What is the highest common divisor of 6987 and 477171?
411
What is the greatest common factor of 8953 and 2569?
7
Calculate the highest common divisor of 962 and 74.
74
What is the greatest common divisor of 348370 and 44?
22
Calculate the highest common factor of 24 and 26766.
6
What is the highest common divisor of 12 and 4290?
6
Calculate the highest common divisor of 266 and 51338.
266
Calculate the greatest common divisor of 63393 and 2244.
561
Calculate the greatest common divisor of 15560 and 640.
40
Calculate the greatest common divisor of 1014 and 48178.
26
What is the greatest common factor of 889 and 54991?
127
Calculate the highest common factor of 315 and 4607085.
105
What is the highest common factor of 1564 and 30328?
68
Calculate the highest common factor of 780774 and 1554.
222
Calculate the greatest common factor of 4 and 10862.
2
What is the highest common divisor of 179325 and 7650?
225
What is the greatest common divisor of 316064 and 6188?
476
Calculate the greatest common factor of 5691 and 5149.
271
What is the greatest common factor of 888309 and 801?
801
Calculate the highest common factor of 6252 and 41159.
521
What is the highest common factor of 1670674 and 92?
46
Calculate the greatest common divisor of 222 and 179598.
222
Calculate the greatest common divisor of 32208 and 1320.
264
Calculate the greatest common factor of 39 and 404885.
13
Calculate the highest common divisor of 9246 and 82938.
138
Calculate the greatest common divisor of 8203 and 477667.
631
Calculate the greatest common divisor of 730 and 2129410.
730
Calculate the greatest common divisor of 4663136 and 64.
32
Calculate the highest common divisor of 21368 and 40.
8
What is the highest common factor of 6858 and 378?
54
What is the highest common divisor of 39336 and 1056?
264
What is the greatest common divisor of 1531668 and 109?
109
What is the highest common factor of 311129 and 1521?
169
Calculate the highest common factor of 83293 and 91.
7
What is the highest common divisor of 1184508 and 624?
156
Calculate the highest common factor of 25699 and 341.
31
Calculate the greatest common factor of 6987 and 1233.
411
Calculate the greatest common divisor of 6156 and 19.
19
Calculate the greatest common divisor of 156 and 14248.
52
What is the greatest common divisor of 114435 and 225?
45
What is the greatest common factor of 2921 and 391?
23
Calculate the greatest common divisor of 4 and 26116.
4
What is the highest common factor of 31140 and 363819?
519
Calculate the highest common factor of 170 and 4726.
34
What is the highest common factor of 67932 and 51578?
1258
What is the highest common factor of 693 and 1204560?
63
Calculate the greatest common factor of 670548 and 456.
228
What is the highest common divisor of 377 and 380393?
377
What is the greatest common divisor of 80226 and 288?
18
Calculate the highest common factor of 193783 and 289.
17
Calculate the highest common divisor of 171 and 647957.
19
What is the greatest common factor of 10373 and 2123?
11
What is the highest common divisor of 43241 and 143?
11
Calculate the greatest common factor of 262144 and 544.
32
What is the greatest common divisor of 12 and 91428?
12
What is the highest common factor of 88 and 1704824?
88
What is the highest common divisor of 411257 and 13734?
763
What is the highest common divisor of 651980 and 140?
140
Calculate the greatest common divisor of 1957924 and 17.
17
Calculate the greatest common divisor of 937711 and 123.
41
Calculate the highest common divisor of 159 and 241097.
53
Calculate the greatest common divisor of 790 and 48770.
10
What is the highest common factor of 3100 and 7409?
31
Calculate the highest common divisor of 152 and 32.
8
What is the greatest common factor of 176 and 1410992?
176
Calculate the highest common divisor of 184998 and 759.
33
Calculate the greatest common factor of 55344 and 48.
48
What is the greatest common factor of 61940 and 1330?
190
Calculate the highest common factor of 2460 and 72132.
12
Calculate the greatest common divisor of 902 and 4447762.
902
Calculate the greatest common divisor of 3282552 and 39.
39
Calculate the highest common divisor of 931 and 2109.
19
Calculate the highest common factor of 26621 and 7.
7
What is the highest common factor of 1547 and 103207?
221
Calculate the highest common divisor of 59730 and 12870.
330
What is the greatest common divisor of 7261 and 53?
53
What is the highest common factor of 28 and 16443?
7
Calculate the greatest common factor of 6800 and 24175.
25
What is the highest common factor of 15836 and 2140?
428
Calculate the greatest common factor of 273 and 7665.
21
Calculate the highest common factor of 169024 and 38.
38
Calculate the greatest common divisor of 29695 and 345.
5
What is the greatest common factor of 4390 and 160?
10
Calculate the greatest common factor of 169673 and 7.
7
Calculate the greatest common divisor of 1281 and 323727.
183
What is the greatest common factor of 158640 and 304?
16
Calculate the greatest common factor of 1506820 and 245.
35
What is the highest common divisor of 1009 and 14855507?
1009
What is the greatest common factor of 5258 and 66?
22
Calculate the greatest common divisor of 34268 and 364.
52
What is the highest common divisor of 316 and 40448?
316
Calculate the greatest common factor of 1824 and 17886144.
1824
What is the highest common factor of 2356487 and 5932?
1483
Calculate the greatest common divisor of 519 and 163139.
173
What is the highest common factor of 24 and 195612?
12
What is the greatest common divisor of 221 and 133705?
221
Calculate the greatest common factor of 444053 and 167.
167
What is the highest common factor of 166110 and 3430?
490
Calculate the highest common divisor of 117 and 135447.
39
What is the highest common factor of 12 and 260956?
4
What is the greatest common factor of 100 and 34900?
100
Calculate the highest common divisor of 4636 and 627.
19
Calculate the highest common factor of 2526 and 12.
6
Calculate the highest common factor of 1359 and 53303.
151
Calculate the greatest common divisor of 12610 and 20150.
130
What is the greatest common factor of 438800 and 8?
8
Calculate the highest common factor of 77831 and 65.
13
Calculate the greatest common factor of 38 and 95570.
38
What is the greatest common factor of 3022 and 26?
2
Calculate the highest common factor of 36310 and 10.
10
Calculate the highest common divisor of 516948 and 60.
12
Calculate the highest common divisor of 10544 and 6.
2
Calculate the greatest common divisor of 1799907 and 8115.
1623
Calculate the highest common factor of 47735 and 2.
1
What is the highest common factor of 22289942 and 1006?
1006
Calculate the highest common divisor of 1008 and 252.
252
Calculate the highest common factor of 4928 and 226072.
616
What is the highest common divisor of 52274 and 236?
118
Calculate the greatest common factor of 1967 and 14.
7
What is the greatest common divisor of 875600 and 110?
110
What is the greatest common factor of 102309 and 13467?
201
Calculate the greatest c